is the millions digit of 318914187?
8
What is the hundreds digit of 139387069?
0
What is the hundreds digit of 259846687?
6
What is the units digit of 2555559944?
4
What is the millions digit of 61360770?
1
What is the thousands digit of 392798237?
8
What is the millions digit of 17226414?
7
What is the tens digit of 32795317?
1
What is the hundred thousands digit of 746699504?
6
What is the ten millions digit of 232401813?
3
What is the ten millions digit of 63021501?
6
What is the thousands digit of 69614877?
4
What is the ten millions digit of 726121101?
2
What is the units digit of 2713185?
5
What is the thousands digit of 5578683652?
3
What is the hundred thousands digit of 96586234?
5
What is the units digit of 298620386?
6
What is the units digit of 580786958?
8
What is the ten thousands digit of 304458021?
5
What is the ten thousands digit of 382201228?
0
What is the thousands digit of 10960236?
0
What is the thousands digit of 17919014?
9
What is the hundreds digit of 35315425?
4
What is the billions digit of 1045912864?
1
What is the millions digit of 172525682?
2
What is the hundred millions digit of 132848059?
1
What is the hundreds digit of 2882856114?
1
What is the units digit of 109332890?
0
What is the millions digit of 261183943?
1
What is the millions digit of 2002686152?
2
What is the tens digit of 1235627576?
7
What is the ten millions digit of 76932769?
7
What is the thousands digit of 649169?
9
What is the hundred thousands digit of 305244866?
2
What is the hundred millions digit of 222604477?
2
What is the hundreds digit of 161639109?
1
What is the billions digit of 1002709490?
1
What is the billions digit of 1900522810?
1
What is the millions digit of 34471404?
4
What is the ten thousands digit of 7170348325?
4
What is the tens digit of 637890481?
8
What is the millions digit of 215875502?
5
What is the units digit of 1311575808?
8
What is the hundred millions digit of 1135603899?
1
What is the tens digit of 150715776?
7
What is the hundreds digit of 2238201308?
3
What is the hundred thousands digit of 1257593709?
5
What is the tens digit of 1479076724?
2
What is the hundreds digit of 759098411?
4
What is the units digit of 82417980?
0
What is the hundreds digit of 256446812?
8
What is the hundred millions digit of 562950486?
5
What is the ten thousands digit of 63318836?
1
What is the hundred millions digit of 145932454?
1
What is the units digit of 1541126123?
3
What is the hundreds digit of 646622666?
6
What is the hundred thousands digit of 13953161?
9
What is the millions digit of 106159144?
6
What is the hundreds digit of 290598765?
7
What is the units digit of 31486948?
8
What is the hundreds digit of 128687778?
7
What is the hundred millions digit of 648125585?
6
What is the hundred millions digit of 257782822?
2
What is the units digit of 220698628?
8
What is the hundred thousands digit of 11713739?
7
What is the thousands digit of 226841346?
1
What is the tens digit of 46351287?
8
What is the ten thousands digit of 1365085146?
8
What is the hundreds digit of 1974182114?
1
What is the millions digit of 341065850?
1
What is the units digit of 134237161?
1
What is the thousands digit of 64616138?
6
What is the hundred millions digit of 360684381?
3
What is the units digit of 6597711777?
7
What is the ten millions digit of 51548909?
5
What is the billions digit of 1321761581?
1
What is the hundred thousands digit of 210101410?
1
What is the units digit of 93028055?
5
What is the hundred thousands digit of 239564069?
5
What is the thousands digit of 731804948?
4
What is the millions digit of 29728909?
9
What is the ten millions digit of 51386067?
5
What is the millions digit of 7029450724?
9
What is the units digit of 747071438?
8
What is the billions digit of 2689982207?
2
What is the hundred millions digit of 2202549072?
2
What is the units digit of 1506407661?
1
What is the millions digit of 812348107?
2
What is the hundred thousands digit of 13564880?
5
What is the billions digit of 5438085702?
5
What is the tens digit of 1005936838?
3
What is the billions digit of 2524596943?
2
What is the ten thousands digit of 344246385?
4
What is the hundred millions digit of 668004143?
6
What is the millions digit of 1210825056?
0
What is the units digit of 5907019?
9
What is the units digit of 251809305?
5
What is the hundred millions digit of 2469867175?
4
What is the hundred millions digit of 2017938433?
0
What is the hundred thousands digit of 1478140444?
1
What is the ten thousands digit of 777321340?
2
What is the tens digit of 138708751?
5
What is the millions digit of 82684318?
2
What is the hundred thousands digit of 348282883?
2
What is the tens digit of 67172493?
9
What is the ten thousands digit of 601208535?
0
What is the tens digit of 7823155?
5
What is the tens digit of 98667260?
6
What is the tens digit of 718707936?
3
What is the units digit of 6310657135?
5
What is the hundreds digit of 655545335?
3
What is the tens digit of 1175963682?
8
What is the hundreds digit of 27716584?
5
What is the tens digit of 143618751?
5
What is the millions digit of 462117477?
2
What is the millions digit of 258883549?
8
What is the hundred thousands digit of 340636389?
6
What is the thousands digit of 2687103655?
3
What is the hundred thousands digit of 357265356?
2
What is the millions digit of 15236575?
5
What is the ten millions digit of 43403984?
4
What is the tens digit of 29300235?
3
What is the millions digit of 28028866?
8
What is the units digit of 3961251091?
1
What is the thousands digit of 514620375?
0
What is the tens digit of 79119721?
2
What is the ten millions digit of 98527536?
9
What is the thousands digit of 125855261?
5
What is the millions digit of 101883417?
1
What is the ten millions digit of 896142950?
9
What is the hundred millions digit of 331042755?
3
What is the millions digit of 68312076?
8
What is the hundred millions digit of 658279237?
6
What is the hundreds digit of 977182683?
6
What is the millions digit of 191563208?
1
What is the ten millions digit of 66401460?
6
What is the hundred thousands digit of 216007824?
0
What is the hundreds digit of 303499039?
0
What is the hundred thousands digit of 74614623?
6
What is the units digit of 405578188?
8
What is the ten thousands digit of 5558311451?
1
What is the hundreds digit of 17302429?
4
What is the millions digit of 12635130?
2
What is the ten millions digit of 2080113033?
8
What is the hundreds digit of 96632897?
8
What is the thousands digit of 113745637?
5
What is the tens digit of 741077971?
7
What is the hundred thousands digit of 529451047?
4
What is the hundred thousands digit of 1251127248?
1
What is the hundred thousands digit of 2418895306?
8
What is the thousands digit of 1012661585?
1
What is the hundred thousands digit of 30118890?
1
What is the hundreds digit of 648535572?
5
What is the ten millions digit of 175689603?
7
What is the tens digit of 27609990?
9
What is the units digit of 154924517?
7
What is the hundred millions digit of 310861201?
3
What is the hundreds digit of 2390274390?
3
What is the hundred thousands digit of 27978062?
9
What is the thousands digit of 2521159446?
9
What is the millions digit of 7624128?
7
What is the units digit of 72296575?
5
What is the hundreds digit of 306311865?
8
What is the hundred thousands digit of 3387021988?
0
What is the tens digit of 1334530747?
4
What is the units digit of 337872441?
1
What is the hundreds digit of 163878296?
2
What is the thousands digit of 9844229?
4
What is the tens digit of 169808468?
6
What is the hundred thousands digit of 223506358?
5
What is the hundreds digit of 61893431?
4
What is the hundred millions digit of 171508989?
1
What is the hundreds digit of 171521029?
0
What is the hundred thousands digit of 321832252?
8
What is the ten millions digit of 188437770?
8
What is the tens digit of 2054808448?
4
What is the millions digit of 782615152?
2
What is the millions digit of 576204530?
6
What is the ten thousands digit of 1110301672?
0
What is the tens digit of 63672182?
8
What is the units digit of 453257097?
7
What is the tens digit of 348456048?
4
What is the hundred millions digit of 336725842?
3
What is the thousands digit of 45614294?
4
Wha